ed by 30?
16
What is the remainder when 689 is divided by 175?
164
What is the remainder when 127 is divided by 63?
1
What is the remainder when 226 is divided by 25?
1
What is the remainder when 242 is divided by 58?
10
What is the remainder when 81 is divided by 28?
25
What is the remainder when 1811 is divided by 36?
11
What is the remainder when 89 is divided by 65?
24
Calculate the remainder when 376 is divided by 54.
52
What is the remainder when 100 is divided by 40?
20
What is the remainder when 8485 is divided by 9?
7
What is the remainder when 119 is divided by 20?
19
What is the remainder when 17 is divided by 6?
5
What is the remainder when 77 is divided by 13?
12
What is the remainder when 111 is divided by 32?
15
What is the remainder when 1979 is divided by 110?
109
What is the remainder when 22 is divided by 1?
0
Calculate the remainder when 2786 is divided by 65.
56
What is the remainder when 40 is divided by 12?
4
Calculate the remainder when 1399 is divided by 697.
5
Calculate the remainder when 343 is divided by 58.
53
Calculate the remainder when 266 is divided by 5.
1
Calculate the remainder when 248 is divided by 248.
0
Calculate the remainder when 419 is divided by 72.
59
Calculate the remainder when 156 is divided by 36.
12
What is the remainder when 116 is divided by 31?
23
Calculate the remainder when 75 is divided by 60.
15
Calculate the remainder when 138 is divided by 14.
12
Calculate the remainder when 721 is divided by 28.
21
What is the remainder when 423 is divided by 292?
131
Calculate the remainder when 309 is divided by 58.
19
Calculate the remainder when 532 is divided by 90.
82
Calculate the remainder when 447 is divided by 122.
81
Calculate the remainder when 694 is divided by 22.
12
Calculate the remainder when 247 is divided by 7.
2
What is the remainder when 758 is divided by 372?
14
Calculate the remainder when 1412 is divided by 109.
104
Calculate the remainder when 31 is divided by 13.
5
What is the remainder when 51 is divided by 11?
7
What is the remainder when 228 is divided by 24?
12
What is the remainder when 63 is divided by 26?
11
What is the remainder when 776 is divided by 94?
24
Calculate the remainder when 888 is divided by 32.
24
Calculate the remainder when 1761 is divided by 222.
207
Calculate the remainder when 266 is divided by 17.
11
What is the remainder when 7642 is divided by 39?
37
Calculate the remainder when 284 is divided by 34.
12
What is the remainder when 1026 is divided by 13?
12
Calculate the remainder when 884 is divided by 37.
33
What is the remainder when 447 is divided by 142?
21
What is the remainder when 5210 is divided by 13?
10
Calculate the remainder when 41 is divided by 28.
13
What is the remainder when 120 is divided by 67?
53
What is the remainder when 7 is divided by 3?
1
Calculate the remainder when 294 is divided by 15.
9
What is the remainder when 1570 is divided by 21?
16
What is the remainder when 75 is divided by 17?
7
What is the remainder when 3845 is divided by 74?
71
What is the remainder when 475 is divided by 135?
70
Calculate the remainder when 2008 is divided by 10.
8
Calculate the remainder when 60 is divided by 16.
12
Calculate the remainder when 4676 is divided by 92.
76
Calculate the remainder when 354 is divided by 95.
69
What is the remainder when 734 is divided by 49?
48
What is the remainder when 3119 is divided by 30?
29
Calculate the remainder when 51 is divided by 9.
6
What is the remainder when 53 is divided by 18?
17
What is the remainder when 185 is divided by 168?
17
Calculate the remainder when 52 is divided by 43.
9
What is the remainder when 7004 is divided by 77?
74
Calculate the remainder when 150 is divided by 12.
6
Calculate the remainder when 133 is divided by 59.
15
Calculate the remainder when 1187 is divided by 26.
17
Calculate the remainder when 187 is divided by 18.
7
What is the remainder when 147 is divided by 10?
7
Calculate the remainder when 269 is divided by 27.
26
What is the remainder when 295 is divided by 74?
73
What is the remainder when 79 is divided by 42?
37
What is the remainder when 39 is divided by 23?
16
What is the remainder when 7533 is divided by 11?
9
Calculate the remainder when 3570 is divided by 123.
3
Calculate the remainder when 4005 is divided by 1998.
9
Calculate the remainder when 274 is divided by 125.
24
Calculate the remainder when 28 is divided by 13.
2
Calculate the remainder when 1917 is divided by 113.
109
What is the remainder when 2376 is divided by 68?
64
Calculate the remainder when 6243 is divided by 347.
344
Calculate the remainder when 1925 is divided by 120.
5
Calculate the remainder when 38 is divided by 8.
6
What is the remainder when 1262 is divided by 74?
4
What is the remainder when 2301 is divided by 755?
36
Calculate the remainder when 284 is divided by 57.
56
What is the remainder when 75 is divided by 38?
37
What is the remainder when 969 is divided by 126?
87
What is the remainder when 468 is divided by 34?
26
What is the remainder when 238 is divided by 12?
10
What is the remainder when 1954 is divided by 115?
114
Calculate the remainder when 356 is divided by 9.
5
What is the remainder when 45 is divided by 10?
5
Calculate the remainder when 232 is divided by 18.
16
What is the remainder when 1119 is divided by 16?
15
Calculate the remainder when 192 is divided by 89.
14
Calculate the remainder when 689 is divided by 49.
3
What is the remainder when 409 is divided by 10?
9
What is the remainder when 1115 is divided by 22?
15
What is the remainder when 2806 is divided by 21?
13
Calculate the remainder when 411 is divided by 69.
66
What is the remainder when 725 is divided by 66?
65
What is the remainder when 18 is divided by 13?
5
What is the remainder when 1752 is divided by 559?
75
What is the remainder when 186 is divided by 183?
3
Calculate the remainder when 220 is divided by 103.
14
What is the remainder when 486 is divided by 229?
28
What is the remainder when 597 is divided by 50?
47
What is the remainder when 628 is divided by 7?
5
What is the remainder when 7239 is divided by 17?
14
Calculate the remainder when 1172 is divided by 104.
28
What is the remainder when 525 is divided by 139?
108
Calculate the remainder when 297 is divided by 71.
13
What is the remainder when 512 is divided by 1?
0
What is the remainder when 598 is divided by 295?
8
Calculate the remainder when 2337 is divided by 78.
75
What is the remainder when 48 is divided by 21?
6
Calculate the remainder when 478 is divided by 457.
21
Calculate the remainder when 93 is divided by 25.
18
Calculate the remainder when 430 is divided by 36.
34
What is the remainder when 242 is divided by 86?
70
Calculate the remainder when 7075 is divided by 58.
57
Calculate the remainder when 1063 is divided by 524.
15
What is the remainder when 138 is divided by 49?
40
Calculate the remainder when 8631 is divided by 83.
82
Calculate the remainder when 136 is divided by 25.
11
Calculate the remainder when 482 is divided by 22.
20
What is the remainder when 264 is divided by 53?
52
What is the remainder when 477 is divided by 241?
236
Calculate the remainder when 88 is divided by 16.
8
Calculate the remainder when 38 is divided by 3.
2
What is the remainder when 461 is divided by 455?
6
Calculate the remainder when 328 is divided by 66.
64
What is the remainder when 89 is divided by 34?
21
What is the remainder when 2676 is divided by 20?
16
Calculate the remainder when 121 is divided by 35.
16
Calculate the remainder when 119 is divided by 14.
7
What is the remainder when 2736 is divided by 340?
16
What is the remainder when 792 is divided by 61?
60
What is the remainder when 354 is divided by 185?
169
Calculate the remainder when 306 is divided by 137.
32
What is the remainder when 340 is divided by 31?
30
What is the remainder when 203 is divided by 4?
3
Calculate the remainder when 379 is divided by 24.
19
What is the remainder when 1663 is divided by 104?
103
Calculate the remainder when 4638 is divided by 145.
143
What is the remainder when 335 is divided by 42?
41
What is the remainder when 323 is divided by 41?
36
Calculate the remainder when 1375 is divided by 548.
279
What is the remainder 